55258. Determine a(10).
18
Let u(a) = 11*a**2 + 66*a - 2747. Calculate u(14).
333
Let r(c) = -1689*c + 16240. Determine r(11).
-2339
Let w(k) = -33*k**2 - 95*k + 632. Give w(-6).
14
Let w(q) = -341*q**2 - 112*q + 73. What is w(-3)?
-2660
Let l(t) = -t**2 + 87*t - 1662. Give l(29).
20
Let y(q) = -340*q + 6999. Determine y(20).
199
Let i(g) = -29*g + 1881. Give i(118).
-1541
Let h(i) = 3821*i + 359170. Calculate h(-94).
-4
Let t(j) = -8*j**3 + 1423*j**2 + 163*j + 593. What is t(178)?
-2077
Let c(h) = -5*h**2 + 217*h + 1701. Calculate c(-8).
-355
Let d(i) = -1262*i**3 + 4*i**2 + 8*i + 3. Determine d(-1).
1261
Let w(g) = g**3 + 173*g**2 + 169*g - 1723. Determine w(-172).
-1207
Let s(i) = -5958*i - 29864. Give s(-5).
-74
Let w(n) = -17*n**2 + 207*n + 650. What is w(-3)?
-124
Let f(z) = 57172*z + 1886682. Give f(-33).
6
Let q(i) = -i**3 - 292*i**2 + 250*i - 12589. Calculate q(-293).
10
Let k(q) = 106*q**2 - 3611*q + 388. Give k(34).
150
Let y(z) = 4*z**2 + 774*z - 19434. What is y(-216)?
6
Let q(y) = 69*y**3 + 14*y**2 - 14*y - 46. Determine q(2).
534
Let s(g) = g**3 + 28*g**2 + 3950*g - 20586. Determine s(5).
-11
Let b(t) = 70070*t + 350353. Calculate b(-5).
3
Let m(w) = -413*w**3 - 14*w**2 - 15*w - 2. Give m(-1).
412
Let p(g) = -g**3 + 18*g**2 - 81*g + 7798. Determine p(27).
-950
Let y(p) = p**3 + 49*p**2 - 9*p - 474. Calculate y(-49).
-33
Let s(w) = -4*w**2 - 1861*w + 25. Calculate s(0).
25
Let t(r) = -12267*r - 85799. Give t(-7).
70
Let z(i) = -21135*i + 63448. Determine z(3).
43
Let d(b) = -32*b**2 - 63*b + 250. What is d(4)?
-514
Let p(h) = -h**3 + 59*h**2 - 842*h + 170. Determine p(19).
-1388
Let c(k) = -k**2 - 186*k - 6964. Determine c(-116).
1156
Let d(o) = -285131*o - 44765571. What is d(-157)?
-4
Let s(c) = 26*c**3 + 22*c**2 + 39*c + 31. Determine s(-2).
-167
Let k(d) = 9*d**2 + 89*d - 790. Give k(8).
498
Let u(n) = 67124*n + 1812369. Calculate u(-27).
21
Let m(q) = -q**3 + 57*q**2 - 1129*q + 48611. What is m(53)?
10
Let z(d) = 6*d**3 + 103*d**2 + 120*d + 113. Calculate z(-16).
-15
Let f(c) = c**2 + 83*c - 568. What is f(6)?
-34
Let u(b) = -6711*b + 32445. Give u(5).
-1110
Let u(x) = -868*x + 172254. What is u(198)?
390
Let y(k) = -k**3 - 3*k**2 + 71*k - 130. What is y(7)?
-123
Let i(p) = 26*p**2 - 95*p - 117. Give i(-1).
4
Let o(c) = 7*c**2 + 54*c - 632. Determine o(9).
421
Let y(v) = 4*v**3 - v**2 + 955*v - 955. Give y(1).
3
Let h(q) = -24*q**3 - 78*q**2 - 1435*q - 4345. Give h(-3).
-94
Let c(b) = -b**2 + 93998*b + 8279554. What is c(-88)?
-14
Let v(z) = 5888*z - 2932282. What is v(498)?
-58
Let h(k) = -k**3 - 37*k**2 - 625*k - 25086. What is h(-38)?
108
Let c(u) = 9*u**2 - 2941*u - 343182. What is c(418)?
-4
Let u(l) = -4*l**2 + 401*l - 3137. Give u(8).
-185
Let i(m) = -10*m**2 + 103*m - 956. What is i(11)?
-1033
Let r(o) = -165*o**3 - 5*o**2 + 247*o - 493. Give r(2).
-1339
Let g(d) = 3*d**3 + 40*d**2 + 140*d + 1577. Give g(-12).
473
Let h(g) = -3663*g**2 - 10*g + 7. What is h(1)?
-3666
Let r(t) = 90*t + 16807. What is r(-186)?
67
Let d(i) = 2*i**3 + 16*i**2 - 514*i - 134. Calculate d(-21).
-806
Let z(a) = -2369*a - 37243. Determine z(-16).
661
Let a(o) = 2*o**3 + 81*o**2 + 887*o + 1814. What is a(-15)?
-16
Let u(y) = -69*y**2 + 286*y - 9. Calculate u(4).
31
Let h(z) = -z**2 + 2389*z + 28831. Determine h(-12).
19
Let z(j) = -1550*j + 4456. Calculate z(5).
-3294
Let w(n) = 678*n**2 + 148*n - 72. What is w(0)?
-72
Let d(b) = -b**3 + 26*b**2 + 3383*b - 76404. Give d(22).
-42
Let o(a) = -221*a + 29716. Determine o(134).
102
Let w(o) = 2*o**3 - 478*o**2 - 2439*o - 261. Calculate w(244).
-17
Let v(j) = 5*j**2 - 9463*j - 9463. Give v(-1).
5
Let n(m) = m**3 + 215*m**2 - 217*m - 78. What is n(-216)?
138
Let c(g) = 3*g**3 - 335*g**2 + 544*g + 668. Determine c(110).
8
Let v(j) = -j**3 - 20*j**2 - 2716*j - 60910. Calculate v(-22).
-190
Let k(i) = i**3 - 3*i**2 - 192*i + 744. Determine k(-15).
-426
Let t(y) = 4407*y + 57763. Determine t(-13).
472
Let w(f) = 34555*f - 13994800. What is w(405)?
-25
Let c(p) = 28379*p - 9904271. What is c(349)?
0
Let b(u) = -675*u - 216967. Calculate b(-322).
383
Let u(r) = r**2 + 23315*r + 116566. Give u(-5).
16
Let o(t) = t**3 - 8*t**2 + 6242*t - 56262. Calculate o(9).
-3
Let h(t) = 1964*t + 2093634. Calculate h(-1066).
10
Let d(q) = -26*q**2 - 767*q + 451. What is d(-30)?
61
Let r(t) = 11*t**3 + 33*t**2 + 2494*t + 7475. Determine r(-3).
-7
Let f(z) = -2*z**2 + 2369*z + 85621. Determine f(-35).
256
Let n(q) = 912*q**2 - 20073*q + 100. Determine n(22).
-98
Let j(t) = -4*t**2 + 1738*t - 125043. Determine j(91).
-9
Let v(k) = 2*k**2 - 9415*k - 141518. Determine v(-15).
157
Let j(v) = v**3 - 91*v**2 + 945*v - 59. Give j(11).
656
Let y(j) = 1408*j - 10536. Calculate y(8).
728
Let w(j) = -27*j + 2455. What is w(34)?
1537
Let c(q) = -4*q**3 - 28*q**2 - 104*q - 644. What is c(-8)?
444
Let r(f) = -1028*f + 40105. Calculate r(39).
13
Let r(z) = 317*z - 25809. Determine r(84).
819
Let n(s) = s**3 + 81*s**2 + 211*s - 7422. What is n(-77)?
47
Let p(s) = 1194*s - 162400. Determine p(136).
-16
Let m(k) = 1270*k**3 - 9*k**2 + k + 10. What is m(1)?
1272
Let o(p) = -182*p - 2428. What is o(-20)?
1212
Let h(u) = -u**3 + 126*u**2 + 205*u + 23471. What is h(129)?
-7
Let o(p) = 686*p - 149368. Give o(218).
180
Let w(t) = t**3 + 9*t**2 - 96*t - 972. Calculate w(-9).
-108
Let t(d) = 26613*d - 79927. Calculate t(3).
-88
Let f(p) = -5*p**3 - 20*p**2 - 16*p - 14. Determine f(-6).
442
Let d(c) = 2*c**3 + 3403*c**2 + 5082*c - 30596. Calculate d(-1700).
4
Let a(g) = 5*g**3 - 12*g**2 + 1986*g - 3923. What is a(2)?
41
Let k(g) = -1891*g + 27260. What is k(15)?
-1105
Let r(n) = 1064*n + 2034. Calculate r(-2).
-94
Let o(b) = b**3 - 201*b**2 + 6223*b - 1204612. Determine o(200).
-12
Let z(b) = -b**3 + 6*b**2 + 270*b - 3209. What is z(10)?
-909
Let m(b) = -2*b**3 + 749*b**2 + 816*b - 165330. Determine m(375).
45
Let t(a) = -2*a**3 - 120*a**2 + 5779*a + 347906. Calculate t(-59).
-17
Let u(b) = -7*b**3 - b**2 + 58*b + 148. Determine u(-4).
348
Let l(n) = -3424*n + 424583. Calculate l(124).
7
Let p(x) = -584*x**2 + 2911*x - 13. Calculate p(5).
-58
Let h(m) = 2*m**2 + 10468*m + 187779. What is h(-18)?
3
Let h(i) = 58026*i + 1450675. What is h(-25)?
25
Let n(r) = 3*r**2 - 81*r - 1371. Calculate n(39).
33
Let d(p) = -23*p**3 - 344*p**2 + 810*p + 131. What is d(-17)?
-56
Let c(f) = f**3 - 12*f**2 + 122*f + 148. Calculate c(13).
1903
Let q(y) = 2*y**2 + 127*y + 294. Give q(-52).
-902
Let w(q) = q**3 - 10*q**2 + 119*q - 1521. What is w(11)?
-91
Let k(h) = 142*h - 1508. Give k(14).
480
Let i(c) = -4389*c - 28772. Calculate i(-7).
1951
Let l(v) = 120819*v + 241692. Determine l(-2).
54
Let c(j) = -4*j**2 + 935*j - 30858. Give c(194).
-12
Let k(d) = 24732*d - 1137679. Determine k(46).
-7
Let a(c) = -130821*c + 1046571. What is a(8)?
3
Let b(w) = 2*w**2 + 34*w - 852. Calculate b(13).
-72
Let f(o) = 8*o**2 + 2371*o - 8695. What is f(-300)?
5
Let b(w) = 721*w + 26258. What is b(-36)?
302
Let k(g) = g**3 + 34*g**2 + 218*g - 465. Calculate k(-25).
-290
Let c(f) = 7221*f + 28994. Determine c(-4).
110
Let o(i) = 187*i - 9587. Determine o(51).
-50
Let z(b) = 1473*b + 36499. Calculate z(-25).
-326
Let b(s) = s**3 - 43*s**2 + 204*s + 3342. Determine b(34).
-126
Let g(o) = 21116*o + 126662. What is g(-6)?
-34
Let n(a) = 5*a**2 - 148*a + 1467. What is n(15)?
372
Let y(x) = -182578*x - 4381893. Give y(-24).
-21
Let l(c) = 116121*c - 4412615. Calculate l(38).
-17
Let r(g) = 417*g - 73061. Calculate r(155).
-8426
Let f(t) = -t**3 - 144*t**2 - 829*t + 17823. Determine f(-137).
13
Let i(d) = d**3 + 62*d**2 - 20*d - 658. Determine i(-62).
582
Let n(g) = 253*g - 38468. Calculate n(152).
-12
Let v(o) = -13*o**2 - 176*o - 805. What is v(-4)?
-309
Let h(m) = -m**2 + 73*m + 93124. Determine h(-271).
-100
Let t(r) = 36*r**2 - 39220*r - 258649. Give t(1096).
7
Let y(h) = -1862*h**3 + 7*h**2 - 438*h - 443. Calculate y(-1).
1864
Let v(x) = 16*x**2 + 296*x - 555. Give v(-22).
677
Let z(o) = 771410*o - 7714105. Calculate z(10).
-5
Let n(h) = 3*h**3 + 467*h**2 + 768*h - 400. What is n(-154)?
-92
Let b(o) = o**3 - 126*o**2 + 1929*o + 16. Determine b(108).
-1604
Let w(o) = -o**2 + 5318*o + 10738119. Determine w(-1561).
0
Let u(p) = p**3 + 3*p**2 - 189*p - 46. What is u(-16)?
-350
Let r(m) = 